{"id":87,"date":"2014-12-07T02:10:56","date_gmt":"2014-12-07T02:10:56","guid":{"rendered":"http:\/\/em-design.pl\/wp\/?page_id=2"},"modified":"2023-05-29T09:32:30","modified_gmt":"2023-05-29T07:32:30","slug":"sample-page","status":"publish","type":"page","link":"https:\/\/kupsik.com.pl\/index.php\/sample-page\/","title":{"rendered":"Kontakt"},"content":{"rendered":"<div class=\"panel-grid\" id=\"pg-87-0\" ><div class=\"panel-grid-core\"><div class=\"panel-grid-cell\" id=\"pgc-87-0-0\" ><div class=\"panel-widget-style\" ><div class=\"margin10\"><\/div><\/div><div class=\"panel-widget-style\" ><p><a href=\"https:\/\/www.google.com\/maps\/place\/GRUPA+KUPSIK+SP.+Z+O.O.+SP.K.\/@52.2394738,18.2232835,17z\/data=!4m13!1m7!3m6!1s0x471b340da500c175:0xfabc5ba599c59f86!2sZak%C5%82adowa+17,+62-500+Konin!3b1!8m2!3d52.2413232!4d18.2249572!3m4!1s0x471b34059f06aead:0x911bb8432325332f!8m2!3d52.2377798!4d18.2259737?hl=pl-PL\"><img loading=\"lazy\" decoding=\"async\" width=\"1203\" height=\"501\" src=\"https:\/\/kupsik.com.pl\/wp-content\/uploads\/2023\/05\/Zrzut-ekranu-2023-05-29-093127.jpg\" class=\"attachment-full size-full\" alt=\"\" srcset=\"https:\/\/kupsik.com.pl\/wp-content\/uploads\/2023\/05\/Zrzut-ekranu-2023-05-29-093127.jpg 1203w, https:\/\/kupsik.com.pl\/wp-content\/uploads\/2023\/05\/Zrzut-ekranu-2023-05-29-093127-300x125.jpg 300w, https:\/\/kupsik.com.pl\/wp-content\/uploads\/2023\/05\/Zrzut-ekranu-2023-05-29-093127-1024x426.jpg 1024w, https:\/\/kupsik.com.pl\/wp-content\/uploads\/2023\/05\/Zrzut-ekranu-2023-05-29-093127-768x320.jpg 768w\" sizes=\"auto, (max-width: 1203px) 100vw, 1203px\" \/><\/a><\/p><\/div><div class=\"panel-widget-style\" ><div class=\"margin20\"><\/div><\/div><\/div><\/div><\/div><div class=\"panel-grid\" id=\"pg-87-1\" ><div class=\"panel-grid-core\"><div class=\"panel-grid-cell\" id=\"pgc-87-1-0\" >&nbsp;<\/div><div class=\"panel-grid-cell\" id=\"pgc-87-1-1\" ><div class=\"panel-widget-style\" ><p><img loading=\"lazy\" decoding=\"async\" width=\"800\" height=\"380\" src=\"https:\/\/kupsik.com.pl\/wp-content\/uploads\/2014\/12\/img_96731-800x380.jpg\" class=\"attachment-column1-1\/3 size-column1-1\/3\" alt=\"\" \/><\/p><\/div><\/div><div class=\"panel-grid-cell\" id=\"pgc-87-1-2\" >&nbsp;<\/div><\/div><\/div><div class=\"panel-grid\" id=\"pg-87-2\" ><div class=\"panel-grid-core\"><div class=\"panel-grid-cell\" id=\"pgc-87-2-0\" ><div class=\"panel-widget-style\" style=\"text-align: left !important;\" ><p>SIEDZIBA G\u0141\u00d3WNA<br \/>\nKUPSIK Sp. z o.o.<br \/>\nUl. Zak\u0142adowa 17<br \/>\n62-510 Konin<br \/>\ntel. 48 (63) 217 71 90<br \/>\ntel. 48 (63) 217 71 89<br \/>\ne-mail: kupsik@kupsik.com.pl<\/p>\n<\/div><\/div><div class=\"panel-grid-cell\" id=\"pgc-87-2-1\" ><div class=\"panel-widget-style\" ><p>ODDZIA\u0141 BRZE\u0179NO<br \/>\nKUPSIK Sp. z o.o.<br \/>\nUl. Krzymowska 8a, Brze\u017ano<br \/>\n62-513 Krzym\u00f3w<br \/>\ntel. (63) 241 47 00<br \/>\ne-mail: kupsik@kupsik.com.pl<\/p>\n<\/div><\/div><\/div><\/div><div class=\"panel-grid\" id=\"pg-87-3\" ><div class=\"panel-grid-core\"><div class=\"panel-grid-cell\" id=\"pgc-87-3-0\" ><div class=\"panel-widget-style\" ><div class=\"divider\"><\/div><\/div><div class=\"panel-widget-style\" ><div class=\"panel-grid\" id=\"pg-w60d5a29fe9d6b-0\" ><div class=\"panel-grid-core\"><div class=\"panel-grid-cell\" id=\"pgc-w60d5a29fe9d6b-0-0\" >&nbsp;<\/div><div class=\"panel-grid-cell\" id=\"pgc-w60d5a29fe9d6b-0-1\" ><div class=\"panel-widget-style\" >\t\t\t<div class=\"textwidget\"><p>Marcin Kowalkowski<br \/>\nKierownik ds. Marketingu i Sprzeda\u017cy<br \/>\ntel. (63) 21 77 190 wew 101<br \/>\ntel kom. 603 066 599<br \/>\nskype: kowalkowski.marcin<br \/>\ne-mail: m.kowalkowski@kupsik.com.pl<\/p>\n<\/div>\n\t\t<\/div><\/div><div class=\"panel-grid-cell\" id=\"pgc-w60d5a29fe9d6b-0-2\" >&nbsp;<\/div><\/div><\/div><\/div><\/div><\/div><\/div><div class=\"panel-grid\" id=\"pg-87-4\" ><div class=\"panel-grid-core\"><div class=\"panel-grid-cell\" id=\"pgc-87-4-0\" ><div class=\"panel-widget-style\" ><p><img loading=\"lazy\" decoding=\"async\" width=\"570\" height=\"201\" src=\"https:\/\/kupsik.com.pl\/wp-content\/uploads\/2014\/12\/wentylacka-contact1-570x201.jpg\" class=\"attachment-column2-2\/3 size-column2-2\/3\" alt=\"\" \/><\/p><h3>Wentylacja<\/h3><p>Monika Antas<br \/>\nSpecjalista ds. Marketingu i Sprzeda\u017cy<br \/>\ntel. (63) 21 77 190 wew 107<br \/>\ntel kom. 661 613 154<br \/>\nskype: monika.antas.kupsik<br \/>\ne-mail: m.antas@kupsik.com.pl<\/p>\n<p>Marta Wojnarowska<br \/>\nSpecjalista ds. Marketingu i Sprzeda\u017cy<br \/>\ntel. (63) 21 77 190 wew 102<br \/>\ntel kom. 663 704 764<br \/>\nskype: m.wojnarowska<br \/>\ne-mail: m.wojnarowska@kupsik.com.pl<\/p>\n<p>Albert Kwieci\u0144ski<br \/>\nSpecjalista ds. Marketingu i Sprzeda\u017cy<br \/>\ntel. (63) 21 77 190 wew. 215<br \/>\ntel kom. 603 549 842<br \/>\nskype: kwiecinski_2<br \/>\ne-mail: a.kwiecinski@kupsik.com.pl<\/p>\n<\/div><\/div><div class=\"panel-grid-cell\" id=\"pgc-87-4-1\" ><div class=\"panel-widget-style\" ><p><img loading=\"lazy\" decoding=\"async\" width=\"570\" height=\"201\" src=\"https:\/\/kupsik.com.pl\/wp-content\/uploads\/2014\/12\/rury-contact1-570x201.jpg\" class=\"attachment-column2-2\/3 size-column2-2\/3\" alt=\"\" \/><\/p><h3>Rury<\/h3><p>Dawid Koz\u0142owski<br \/>\nSpecjalista ds. Marketingu i Sprzeda\u017cy<br \/>\ntel. (63) 21 77 190 wew 103<br \/>\ntel kom: 661 176 777<br \/>\nskype: dkozlowski.kupsik<br \/>\ne-mail: d.kozlowski@kupsik.com.pl<\/p>\n<\/div><\/div><div class=\"panel-grid-cell\" id=\"pgc-87-4-2\" ><div class=\"panel-widget-style\" ><p><img loading=\"lazy\" decoding=\"async\" width=\"292\" height=\"98\" src=\"https:\/\/kupsik.com.pl\/wp-content\/uploads\/2014\/12\/PLANDEKI-KONTAKT3.jpg\" class=\"attachment-full size-full\" alt=\"\" srcset=\"https:\/\/kupsik.com.pl\/wp-content\/uploads\/2014\/12\/PLANDEKI-KONTAKT3.jpg 292w, https:\/\/kupsik.com.pl\/wp-content\/uploads\/2014\/12\/PLANDEKI-KONTAKT3-285x95.jpg 285w\" sizes=\"auto, (max-width: 292px) 100vw, 292px\" \/><\/p><h3>Akcesoria plandekowe<\/h3><p>Tomasz Wodecki<br \/>\nSpecjalista ds. Marketingu i Sprzeda\u017cy<br \/>\ntel. (63) 241 47 00<br \/>\ntel kom: 607 610 057<br \/>\nskype: twodecki<br \/>\ne-mail:  t.wodecki@kupsik.com.pl<\/p>\n<p>Bogumi\u0142a Kubiak<br \/>\nZast\u0119pca Kierownika Wydzia\u0142u 2<br \/>\ntel. (63) 241 47 00<br \/>\ntel kom: 603 520 219<br \/>\ne-mail:  b.kubiak@kupsik.com.pl<\/p>\n<\/div><div class=\"panel-widget-style\" ><p><img loading=\"lazy\" decoding=\"async\" width=\"246\" height=\"238\" src=\"https:\/\/kupsik.com.pl\/wp-content\/uploads\/2021\/08\/PFR.jpg\" class=\"attachment-full size-full\" alt=\"\" \/><\/p><\/div><\/div><\/div><\/div>","protected":false},"excerpt":{"rendered":"<p>&nbsp;&nbsp;SIEDZIBA G\u0141\u00d3WNA KUPSIK Sp. z o.o. Ul. Zak\u0142adowa 17 62-510 Konin tel. 48 (63) 217 71 90 tel. 48 (63) 217 71 89 e-mail: kupsik@kupsik.com.pl ODDZIA\u0141 BRZE\u0179NO KUPSIK Sp. z o.o. Ul. Krzymowska 8a, Brze\u017ano 62-513 Krzym\u00f3w tel. (63) 241 47 00 e-mail: kupsik@kupsik.com.pl &nbsp; Marcin Kowalkowski Kierownik ds. Marketingu i Sprzeda\u017cy tel. (63) 21 [&hellip;]<\/p>\n","protected":false},"author":1,"featured_media":0,"parent":0,"menu_order":3,"comment_status":"closed","ping_status":"closed","template":"","meta":{"footnotes":""},"categories":[],"tags":[],"class_list":["post-87","page","type-page","status-publish","hentry"],"_links":{"self":[{"href":"https:\/\/kupsik.com.pl\/index.php\/wp-json\/wp\/v2\/pages\/87","targetHints":{"allow":["GET"]}}],"collection":[{"href":"https:\/\/kupsik.com.pl\/index.php\/wp-json\/wp\/v2\/pages"}],"about":[{"href":"https:\/\/kupsik.com.pl\/index.php\/wp-json\/wp\/v2\/types\/page"}],"author":[{"embeddable":true,"href":"https:\/\/kupsik.com.pl\/index.php\/wp-json\/wp\/v2\/users\/1"}],"replies":[{"embeddable":true,"href":"https:\/\/kupsik.com.pl\/index.php\/wp-json\/wp\/v2\/comments?post=87"}],"version-history":[{"count":5,"href":"https:\/\/kupsik.com.pl\/index.php\/wp-json\/wp\/v2\/pages\/87\/revisions"}],"predecessor-version":[{"id":836,"href":"https:\/\/kupsik.com.pl\/index.php\/wp-json\/wp\/v2\/pages\/87\/revisions\/836"}],"wp:attachment":[{"href":"https:\/\/kupsik.com.pl\/index.php\/wp-json\/wp\/v2\/media?parent=87"}],"wp:term":[{"taxonomy":"category","embeddable":true,"href":"https:\/\/kupsik.com.pl\/index.php\/wp-json\/wp\/v2\/categories?post=87"},{"taxonomy":"post_tag","embeddable":true,"href":"https:\/\/kupsik.com.pl\/index.php\/wp-json\/wp\/v2\/tags?post=87"}],"curies":[{"name":"wp","href":"https:\/\/api.w.org\/{rel}","templated":true}]}}