{"id":472,"date":"2015-01-02T13:20:48","date_gmt":"2015-01-02T13:20:48","guid":{"rendered":"http:\/\/t.kupsik.com.pl\/?page_id=472"},"modified":"2025-11-17T07:47:17","modified_gmt":"2025-11-17T06:47:17","slug":"strona_glowna","status":"publish","type":"page","link":"https:\/\/kupsik.com.pl\/","title":{"rendered":"Strona g\u0142\u00f3wna"},"content":{"rendered":"<div class=\"panel-grid\" id=\"pg-472-0\" ><div class=\"panel-grid-core\"><div class=\"panel-grid-cell\" id=\"pgc-472-0-0\" >&nbsp;<\/div><div class=\"panel-grid-cell\" id=\"pgc-472-0-1\" >&nbsp;<\/div><div class=\"panel-grid-cell\" id=\"pgc-472-0-2\" ><div class=\"panel-widget-style\" ><p><a href=\"https:\/\/kupsik.com.pl\/wp-content\/uploads\/2022\/10\/Przeksztalcenie_Informacja-pl.pdf\"><img loading=\"lazy\" decoding=\"async\" width=\"185\" height=\"255\" src=\"https:\/\/kupsik.com.pl\/wp-content\/uploads\/2014\/12\/ikona1.jpg\" class=\"attachment-full size-full\" alt=\"\" \/><\/a><\/p><h3>PRZEKSZTA\u0141CENIE SP\u00d3\u0141KI &#8211; INFORMACJA<\/h3><\/div><\/div><\/div><\/div><div class=\"panel-grid\" id=\"pg-472-1\" ><div class=\"panel-grid-core\"><div class=\"panel-grid-cell\" id=\"pgc-472-1-0\" ><div class=\"panel-widget-style\" ><p><a href=\"http:\/\/kupsik.com.pl\/index.php\/akcesoria-do-wentylacji\/\"><img loading=\"lazy\" decoding=\"async\" width=\"882\" height=\"245\" src=\"https:\/\/kupsik.com.pl\/wp-content\/uploads\/2014\/12\/baner-profile11.jpg\" class=\"attachment-full size-full\" alt=\"\" srcset=\"https:\/\/kupsik.com.pl\/wp-content\/uploads\/2014\/12\/baner-profile11.jpg 882w, https:\/\/kupsik.com.pl\/wp-content\/uploads\/2014\/12\/baner-profile11-300x83.jpg 300w\" sizes=\"auto, (max-width: 882px) 100vw, 882px\" \/><\/a><\/p><h3>ELEMENTY DO WENTYLACJI<\/h3><p>Wentylacja jest g\u0142\u00f3wnym sektorem dzia\u0142alno\u015bci firmy. Jeste\u015bmy producentem pe\u0142nej gamy profili i naro\u017cnik\u00f3w dla wi\u0119kszo\u015bci system\u00f3w wentylacyjnych operuj\u0105cych na rynku. Zgodnie z nasz\u0105 polis\u0105 chcemy zapewni\u0107 pe\u0142n\u0105 gam\u0119 produkt\u00f3w i akcesori\u00f3w do budowy kana\u0142\u00f3w prostok\u0105tnych.<\/p>\n<\/div><div class=\"panel-widget-style\" ><a href=\"http:\/\/kupsik.com.pl\/index.php\/akcesoria-do-wentylacji\/\" class=\"button style1 themebutton small\"off>Rozwi\u0144<\/a><\/div><\/div><div class=\"panel-grid-cell\" id=\"pgc-472-1-1\" ><div class=\"panel-widget-style\" ><p><a href=\"http:\/\/kupsik.com.pl\/index.php\/akcesoria-plandekowe\/\"><img loading=\"lazy\" decoding=\"async\" width=\"292\" height=\"98\" src=\"https:\/\/kupsik.com.pl\/wp-content\/uploads\/2015\/01\/plandeki-str-gl1.jpg\" class=\"attachment-full size-full\" alt=\"\" srcset=\"https:\/\/kupsik.com.pl\/wp-content\/uploads\/2015\/01\/plandeki-str-gl1.jpg 292w, https:\/\/kupsik.com.pl\/wp-content\/uploads\/2015\/01\/plandeki-str-gl1-285x95.jpg 285w\" sizes=\"auto, (max-width: 292px) 100vw, 292px\" \/><\/a><\/p><h3>AKCESORIA DO PLANDEK<\/h3><p>Oferujemy szeroki zakres akcesori\u00f3w do plandek<\/p>\n<\/div><div class=\"panel-widget-style\" ><a href=\"http:\/\/kupsik.com.pl\/index.php\/akcesoria-plandekowe\/\" class=\"button style1 themebutton small\"off>Rozwi\u0144<\/a><\/div><\/div><div class=\"panel-grid-cell\" id=\"pgc-472-1-2\" ><div class=\"panel-widget-style\" ><p><a href=\"http:\/\/kupsik.com.pl\/index.php\/rury-ze-szwem-krytym\/\"><img loading=\"lazy\" decoding=\"async\" width=\"292\" height=\"98\" src=\"https:\/\/kupsik.com.pl\/wp-content\/uploads\/2015\/01\/RURY-STR-GL1.jpg\" class=\"attachment-full size-full\" alt=\"\" srcset=\"https:\/\/kupsik.com.pl\/wp-content\/uploads\/2015\/01\/RURY-STR-GL1.jpg 292w, https:\/\/kupsik.com.pl\/wp-content\/uploads\/2015\/01\/RURY-STR-GL1-285x95.jpg 285w\" sizes=\"auto, (max-width: 292px) 100vw, 292px\" \/><\/a><\/p><h3>RURY ZE SZWEM KRYTYM<\/h3><p>Rury zgrzewane metod\u0105 indukcyjn\u0105 ze szwem. S\u0105 to rury zar\u00f3wno ocynkowane, czarne oraz aluminiowane w przekrojach od fi 35 do 60 mm i grubo\u015bci materia\u0142u od 0,50 mm do 2,00 mm. Produkcje na \u017cyczenie klienta mo\u017cemy uruchomi\u0107 przy partiach nie mniej jak 24 tony na miesi\u0105c przy powtarzalnych co miesi\u0119cznych zam\u00f3wieniach.<\/p>\n<\/div><div class=\"panel-widget-style\" ><a href=\"http:\/\/kupsik.com.pl\/index.php\/rury-ze-szwem-krytym\/\" class=\"button style1 themebutton small\"off>Rozwi\u0144<\/a><\/div><\/div><\/div><\/div><div class=\"panel-grid\" id=\"pg-472-2\" ><div class=\"panel-grid-core\"><div class=\"panel-grid-cell\" id=\"pgc-472-2-0\" ><div class=\"panel-widget-style\" ><h2 style=\"font-size: 18px;font-style: normal;\"><span>Komunikuj\u0105c si\u0119 z nami automatycznie wyra\u017casz zgod\u0119 na przetwarzanie swoich danych zgodnie z nasz\u0105 Polityk\u0105 prywatno\u015bci.<\/span><\/h2><\/div><div class=\"panel-widget-style\" style=\"text-align: center !important;\" ><a href=\"https:\/\/kupsik.com.pl\/wp-content\/uploads\/2021\/02\/Polityka-prywatnos\u0301ci_KUPSIK_2021_01_18.pdf\" class=\"button style1 themebutton small\"off>Polityka prywatno\u015bci<\/a><\/div><\/div><\/div><\/div>","protected":false},"excerpt":{"rendered":"<p>&nbsp; &nbsp; PRZEKSZTA\u0141CENIE SP\u00d3\u0141KI &#8211; INFORMACJA ELEMENTY DO WENTYLACJI Wentylacja jest g\u0142\u00f3wnym sektorem dzia\u0142alno\u015bci firmy. Jeste\u015bmy producentem pe\u0142nej gamy profili i naro\u017cnik\u00f3w dla wi\u0119kszo\u015bci system\u00f3w wentylacyjnych operuj\u0105cych na rynku. Zgodnie z nasz\u0105 polis\u0105 chcemy zapewni\u0107 pe\u0142n\u0105 gam\u0119 produkt\u00f3w i akcesori\u00f3w do budowy kana\u0142\u00f3w prostok\u0105tnych. Rozwi\u0144 AKCESORIA DO PLANDEK Oferujemy szeroki zakres akcesori\u00f3w do plandek Rozwi\u0144 [&hellip;]<\/p>\n","protected":false},"author":1,"featured_media":0,"parent":0,"menu_order":0,"comment_status":"closed","ping_status":"closed","template":"","meta":{"footnotes":""},"categories":[],"tags":[],"class_list":["post-472","page","type-page","status-publish","hentry"],"_links":{"self":[{"href":"https:\/\/kupsik.com.pl\/index.php\/wp-json\/wp\/v2\/pages\/472","targetHints":{"allow":["GET"]}}],"collection":[{"href":"https:\/\/kupsik.com.pl\/index.php\/wp-json\/wp\/v2\/pages"}],"about":[{"href":"https:\/\/kupsik.com.pl\/index.php\/wp-json\/wp\/v2\/types\/page"}],"author":[{"embeddable":true,"href":"https:\/\/kupsik.com.pl\/index.php\/wp-json\/wp\/v2\/users\/1"}],"replies":[{"embeddable":true,"href":"https:\/\/kupsik.com.pl\/index.php\/wp-json\/wp\/v2\/comments?post=472"}],"version-history":[{"count":17,"href":"https:\/\/kupsik.com.pl\/index.php\/wp-json\/wp\/v2\/pages\/472\/revisions"}],"predecessor-version":[{"id":1005,"href":"https:\/\/kupsik.com.pl\/index.php\/wp-json\/wp\/v2\/pages\/472\/revisions\/1005"}],"wp:attachment":[{"href":"https:\/\/kupsik.com.pl\/index.php\/wp-json\/wp\/v2\/media?parent=472"}],"wp:term":[{"taxonomy":"category","embeddable":true,"href":"https:\/\/kupsik.com.pl\/index.php\/wp-json\/wp\/v2\/categories?post=472"},{"taxonomy":"post_tag","embeddable":true,"href":"https:\/\/kupsik.com.pl\/index.php\/wp-json\/wp\/v2\/tags?post=472"}],"curies":[{"name":"wp","href":"https:\/\/api.w.org\/{rel}","templated":true}]}}