{"id":359,"date":"2014-12-30T17:56:47","date_gmt":"2014-12-30T17:56:47","guid":{"rendered":"http:\/\/t.kupsik.com.pl\/?page_id=359"},"modified":"2022-11-28T10:16:25","modified_gmt":"2022-11-28T09:16:25","slug":"uber-uns","status":"publish","type":"page","link":"https:\/\/kupsik.com.pl\/index.php\/uber-uns\/","title":{"rendered":"\u00dcber uns"},"content":{"rendered":"<div class=\"panel-grid\" id=\"pg-359-0\" ><div class=\"panel-grid-core\"><div class=\"panel-grid-cell\" id=\"pgc-359-0-0\" ><div class=\"panel-widget-style\" ><p><img loading=\"lazy\" decoding=\"async\" width=\"300\" height=\"200\" src=\"https:\/\/kupsik.com.pl\/wp-content\/uploads\/2014\/12\/img_96731-300x200.jpg\" class=\"attachment-medium size-medium\" alt=\"\" srcset=\"https:\/\/kupsik.com.pl\/wp-content\/uploads\/2014\/12\/img_96731-300x200.jpg 300w, https:\/\/kupsik.com.pl\/wp-content\/uploads\/2014\/12\/img_96731-570x380.jpg 570w, https:\/\/kupsik.com.pl\/wp-content\/uploads\/2014\/12\/img_96731-380x254.jpg 380w, https:\/\/kupsik.com.pl\/wp-content\/uploads\/2014\/12\/img_96731-285x190.jpg 285w, https:\/\/kupsik.com.pl\/wp-content\/uploads\/2014\/12\/img_96731.jpg 800w\" sizes=\"auto, (max-width: 300px) 100vw, 300px\" \/><\/p><h3>KUPSIK Sp. z o.o.<\/h3><p>Unsere Firma ist ununterbrochen seit 1982 in der Metallbranche t\u00e4tig. Nach der Gr\u00fcndung wurden nur 2 Arbeiter in der Firma eingestellt. Heute z\u00e4hlt unser Team schon 150 Arbeiter. Im Jahre 2007 sind wir in einen neuen Sitz umgezogen. Der moderne Produktionskomplex verf\u00fcgt \u00fcber eine Produktionsfl\u00e4che von 2,6 Ha. Hier befinden sich Produktionshalle, Spaltungsanlage und Verwaltungsb\u00fcro. Seit 2008 haben wir unseren eigenen Galvanisierbetrieb.<\/p>\n<p>Unsere Hauptproduktion besteht aus Profilen, Montagewinkeln, Aufh\u00e4ngungen aus rostbest\u00e4ndigem, Alu- und verzinktem Stahl f\u00fcr L\u00fcftungskan\u00e4le. Das System basiert auf Patentprofilen MK20 und MK 30 als auch auf dem System \u201eK\u201d, das eine moderne Montage der L\u00fcftung und des Klimasystems in \u00f6ffentlichen Geb\u00e4uden gew\u00e4hrleistet.<\/p>\n<p>Wir sind auch Hersteller von Metallbeschl\u00e4gen f\u00fcr Planen, Zelte und Werbebanner. Wir leisten auch Verzierung (Fensterprofile, Fu\u00dfb\u00f6den und andere). Unsere Produkte liefern wir sowohl an zahlreiche polnische Kontrahenten als auch Kontrahenten aus ganz Europa. Wir geben uns viel M\u00fche, damit die Firma Kupsik ein Synonym f\u00fcr hohe Qualit\u00e4t, g\u00fcnstige Preise und kompetente Bedienung ist.<\/p>\n<\/div><\/div><\/div><\/div>","protected":false},"excerpt":{"rendered":"<p>KUPSIK Sp. z o.o.Unsere Firma ist ununterbrochen seit 1982 in der Metallbranche t\u00e4tig. Nach der Gr\u00fcndung wurden nur 2 Arbeiter in der Firma eingestellt. Heute z\u00e4hlt unser Team schon 150 Arbeiter. Im Jahre 2007 sind wir in einen neuen Sitz umgezogen. Der moderne Produktionskomplex verf\u00fcgt \u00fcber eine Produktionsfl\u00e4che von 2,6 Ha. Hier befinden sich Produktionshalle, [&hellip;]<\/p>\n","protected":false},"author":1,"featured_media":0,"parent":0,"menu_order":0,"comment_status":"closed","ping_status":"closed","template":"","meta":{"footnotes":""},"categories":[],"tags":[],"class_list":["post-359","page","type-page","status-publish","hentry"],"_links":{"self":[{"href":"https:\/\/kupsik.com.pl\/index.php\/wp-json\/wp\/v2\/pages\/359","targetHints":{"allow":["GET"]}}],"collection":[{"href":"https:\/\/kupsik.com.pl\/index.php\/wp-json\/wp\/v2\/pages"}],"about":[{"href":"https:\/\/kupsik.com.pl\/index.php\/wp-json\/wp\/v2\/types\/page"}],"author":[{"embeddable":true,"href":"https:\/\/kupsik.com.pl\/index.php\/wp-json\/wp\/v2\/users\/1"}],"replies":[{"embeddable":true,"href":"https:\/\/kupsik.com.pl\/index.php\/wp-json\/wp\/v2\/comments?post=359"}],"version-history":[{"count":1,"href":"https:\/\/kupsik.com.pl\/index.php\/wp-json\/wp\/v2\/pages\/359\/revisions"}],"predecessor-version":[{"id":770,"href":"https:\/\/kupsik.com.pl\/index.php\/wp-json\/wp\/v2\/pages\/359\/revisions\/770"}],"wp:attachment":[{"href":"https:\/\/kupsik.com.pl\/index.php\/wp-json\/wp\/v2\/media?parent=359"}],"wp:term":[{"taxonomy":"category","embeddable":true,"href":"https:\/\/kupsik.com.pl\/index.php\/wp-json\/wp\/v2\/categories?post=359"},{"taxonomy":"post_tag","embeddable":true,"href":"https:\/\/kupsik.com.pl\/index.php\/wp-json\/wp\/v2\/tags?post=359"}],"curies":[{"name":"wp","href":"https:\/\/api.w.org\/{rel}","templated":true}]}}